110*d + 437957 = -416664 - 469779. List the prime factors of d.
2, 5, 7, 43
Suppose 0 = 29*u - 449 - 856. List the prime factors of 10/(-75) + 41406/u.
2, 5, 23
Suppose 9*i - 59904 = 6*i + 2*q, q - 99814 = -5*i. List the prime factors of i.
2, 7, 23, 31
Let u = 10 - 4. Let b(f) = 76*f - 19. Let n be b(u). Let z = n - 216. List the prime factors of z.
13, 17
Let s(j) = -28 - 7 + 7 - 19*j. Let a(h) = -21*h - 927. Let q be a(-44). What are the prime factors of s(q)?
29
Let y(z) = -21*z + 223. Suppose 17*v + 253 = -6*v. What are the prime factors of y(v)?
2, 227
Let f be -184936*6/60 + 2/(-5). List the prime factors of f/(-70) - 1/5.
2, 3, 11
Suppose 12 = 5*g - 2*g - w, 3*w + 21 = 4*g. Suppose 4*x - 1084 = -4*h, -g*x = -2*h + 6*h - 1083. List the prime factors of h.
2, 3, 5
Let q(b) = -b**2 - 14*b - 22. Let y be q(-12). Suppose -3*v + y*i + 328 = -0*v, -5*v = i - 538. What are the prime factors of v?
2, 3
Let a = 29 + 15. Let n be (-480)/(-64)*1/(1/(-4)). Let z = a + n. What are the prime factors of z?
2, 7
Let n be 60/(-75)*(15/(-2))/1. Suppose 2*y - n*y = -844. What are the prime factors of y?
211
Let k = -596 + 664. Let z be (-2)/4 + (-167)/2. Let c = k - z. List the prime factors of c.
2, 19
Let h = -18725 + 33093. What are the prime factors of h?
2, 449
Suppose -3*o + 1 = -2, 3959 = 5*k - o. Suppose 0 = -0*s - 6*s - k. Let f = s - -279. What are the prime factors of f?
3, 7
Suppose -q = q + 4*w - 152, -296 = -4*q - 4*w. Let n = q - 76. What are the prime factors of 2/n - 0 - (-2070)/20?
103
Let h(g) = -4409*g + 86. List the prime factors of h(-2).
2, 3, 7, 53
Let s(d) = -94*d + 167. Let f be s(-4). Suppose 15*q = 747 + f. List the prime factors of q.
2, 43
Suppose 0 = 30*r + 56*r - 1051178. What are the prime factors of r?
17, 719
Suppose b = 2, 414*j + 3*b + 97918 = 418*j. What are the prime factors of j?
24481
Let q = 31920 - 2511. List the prime factors of q.
3, 9803
Suppose 0 = -26*r + 50*r + 240. List the prime factors of (70/r)/((-1)/88).
2, 7, 11
Suppose 13*y + 30 = 10*y. Let x(i) = -i**2 - 9*i + 12. Let j be x(y). Suppose 3*t - j = t, -5*q - 5*t = -1070. What are the prime factors of q?
3, 71
Let l(d) = 25*d**3 + d**2 - 6*d + 3. Let r = 155 - 152. What are the prime factors of l(r)?
3, 223
What are the prime factors of (-624448)/(-17) - 1340/5695?
2, 3, 3061
Let v(w) = -w**3 - w**2 + w + 33. Let c be v(0). Suppose c*a = 27*a + 1824. List the prime factors of a.
2, 19
Let q be ((-104)/12)/(6/(-9)). Suppose q*h - 15*h + 142 = 0. What are the prime factors of h?
71
Let v(u) = -u**3 - 2*u**2 - u. Let g be v(-2). Let i = g - 0. List the prime factors of 56*i*(-19)/(-38).
2, 7
Let t(c) = c + 40. Let w(y) be the second derivative of -y**4/12 - y**3 - 15*y**2/2 - 6*y. Let f be w(-7). List the prime factors of t(f).
2, 3
Let s = -19264 + 46109. What are the prime factors of s?
5, 7, 13, 59
Let d(k) = -11*k**3 - 67*k**2 - 34*k - 58. What are the prime factors of d(-12)?
2, 5, 971
Let o = -89 + 286. Suppose 5 = -5*x, -w - o = -6*w + 2*x. What are the prime factors of w?
3, 13
Let s be ((-12)/3 - -3)*0 - -2. Let u be ((-1576)/6)/((-8)/(-6) - s). Let g = -128 + u. List the prime factors of g.
2, 7, 19
Let x(u) = 30*u**2 + 21*u - 32. List the prime factors of x(-18).
2, 5, 7, 19
Let b = 18094 + -12744. List the prime factors of b.
2, 5, 107
Suppose 0 = 13*x - 19*x + 144. Suppose 0 = -29*v + x*v + 355. What are the prime factors of v?
71
Suppose -2*f - 1370 = 4*w, -2*f + 5 + 1 = 0. Let y = w - -696. List the prime factors of y.
2, 11
What are the prime factors of (-100 + 104)*(1 - (-8318)/8)?
23, 181
Let x(h) = 1363*h - 1045. List the prime factors of x(15).
2, 5, 97
Let a(c) = -15*c**2 + 32*c + 29. Let z be a(13). Let y = z + 3897. What are the prime factors of y?
13, 139
List the prime factors of (-9)/(-90)*130 - -34726.
34739
Let p(c) be the second derivative of -59*c**3/6 + 14*c**2 + 32*c. List the prime factors of p(-6).
2, 191
Suppose 0 = -306*b + 162*b + 7914240. What are the prime factors of b?
2, 3, 5, 229
Let j = -125 + 113. Let p(d) = -d**2 - 13*d - 12. Let g be p(j). Suppose -374 = -2*l + 2*b, g*b = -4*l + b + 754. What are the prime factors of l?
3, 7
Let o = -949 - -948. Let x(i) = i**2 + i. Let m(v) = -123*v**2 + 6*v + 4. Let l(a) = -m(a) + 3*x(a). What are the prime factors of l(o)?
5
Suppose 21044 = 5*o - 4*f + 3987, 4*o - f - 13650 = 0. List the prime factors of o.
3413
Let n(y) = -y**3 + 63*y**2 - 85*y + 934. List the prime factors of n(56).
2, 3, 19, 53
Let t = -68 + 787. Let f = -153 + t. List the prime factors of f.
2, 283
Let o(s) be the second derivative of -s**5/20 - 11*s**4/12 + 4*s**3/3 - 5*s**2 - 13*s. Let p be o(-12). What are the prime factors of p/57 - (-115)/3?
3, 13
Let c be (-3)/7 + ((-20)/(-14) - -1). Suppose t = h + 78, 82 = c*t - t + h. List the prime factors of 10/t + (-1614)/(-16).
101
Let c = 3726 - -8568. List the prime factors of c.
2, 3, 683
Suppose -4*l + s + 0 = 2, -1 = -5*l + 3*s. List the prime factors of 17*(-14 - -19)/(2 + l).
5, 17
Let r(i) = -2*i**2 - 1027. Let n(o) = -3*o**2 - 1540. Let h(k) = -5*n(k) + 7*r(k). What are the prime factors of h(0)?
7, 73
Let a be 3/((-75)/21 - (7 - 11)). List the prime factors of (-6)/(1 - 4) + (a - -1283).
2, 17, 19
Suppose 35162 - 361502 = -9*v - 3*i, v - 36260 = 5*i. List the prime factors of v.
2, 5, 7, 37
What are the prime factors of 48636 - (30/11 + 78/286)?
3, 13, 29, 43
Suppose 3*z + 4*q = 2*z + 57163, 2*q = -4. Suppose 43*l - z = -8*l. List the prime factors of l.
19, 59
Let f(v) = -2*v**2 + 5*v + 67. Let d(q) = q**2 - 3*q - 34. Let h(p) = 5*d(p) + 2*f(p). Let i be h(20). Let u = i - 141. What are the prime factors of u?
3, 41
Suppose 2*a - a - 3 = 0. Suppose -a*z + 3*l + 139 = 2*z, -89 = -3*z - l. Suppose -z*w + 465 = -26*w. What are the prime factors of w?
5, 31
Let z be 14/(-1) - (-22 - -26). Let k = z + 15. What are the prime factors of 14/21 + (-127)/k?
43
Let j(a) = -a**3 - 14*a**2 - 15*a + 37*a**2 - 2 + 12 + 1. List the prime factors of j(22).
3, 5, 11
Suppose 102*i + 14 = 100*i. Let r be -3 + (-176)/(-28) + 2/i. What are the prime factors of r - (-120 + (-5)/((-10)/(-4)))?
5
Let r(c) = -3*c + 2 + 0*c + c**3 + 7*c**2 + 9*c. Let h be r(-6). Suppose 36 = 2*b - m, -63 + 11 = -3*b + h*m. What are the prime factors of b?
2, 5
Let j = -61 - -87. Suppose 0 = -10*s + j + 4. Suppose 2*p - 260 = -s*o - 2*p, -3*o - p + 245 = 0. List the prime factors of o.
2, 5
Let c = -1722 + 2683. Suppose 1785 = x + c. What are the prime factors of x?
2, 103
Let l(x) = 2*x**2 + 34*x + 36. Let s be l(-16). Suppose -s*q - 2*g = -1030, 5*q + g - 881 - 414 = 0. Let k = q - 134. List the prime factors of k.
2, 3, 7
Let g = 42 - 7. Suppose g = 3*w + 5. Suppose 0*n - 390 = -w*n. List the prime factors of n.
3, 13
Let v = 5 - 5. Let x be 2/((v - -3)/(-6)). List the prime factors of -10*21/(-6) - x.
3, 13
Let t(a) = -a + 20. Let j(n) = -3. Let z(o) = -21*j(o) - 3*t(o). Let k be z(-1). Suppose -6*q + 5*q + 60 = k. List the prime factors of q.
2, 3, 5
Let u(a) = -30 + 8*a - 3*a - 38 - 24. Let k be u(0). Let h = 38 - k. What are the prime factors of h?
2, 5, 13
Suppose 39*n - 197281 - 21314 = 0. What are the prime factors of n?
5, 19, 59
Let y = 84 - 78. Let v be y/(-4)*2*1232/(-42). Suppose -2*o = -38 - v. List the prime factors of o.
3, 7
Suppose 4*g + 2*k = -7656 + 56446, -g = -2*k - 12190. What are the prime factors of g?
2, 3049
Let q(t) = -2*t**3 - 29*t**2 - 6*t + 668. What are the prime factors of q(-25)?
73, 191
Suppose -63*f + 3*b + 4867 = -61*f, 3*f - 4*b - 7302 = 0. What are the prime factors of f?
2, 23, 53
Suppose -4*a = 5*k - 799, 0*k + 644 = 4*k + 2*a. Let i = 69 + k. Suppose -5*c = -4*m + i, 277 = 5*m - 2*c - c. What are the prime factors of m?
53
Suppose 5*o = -173*k + 175*k - 74680, 0 = -2*o - 12. List the prime factors of k.
5, 1493
Let s(f) = 893*f**2 - 39*f - 54. List the prime factors of s(4).
2, 7039
Let f(r) = r**2 - 7*r - 21. Suppose 0 = x + 3*x + 92. Let z = x - -37. List the prime factors of f(z).
7, 11
Let f(x) = -x**3 + 9*x**2 + 2*x + 14. Let b be f(10). Let q = b - -71. Suppose -5*r = -5*g + 15, -q*r + 18 = 3*g - 15. What are the prime factors of g?
2, 3
Let v(a) = -87 + 249 - 103 - 96 + a**2 - 4*a. List the prime factors of v(26).
5, 107
Suppose -19*d 